{"id":7,"date":"2017-08-04T07:26:40","date_gmt":"2017-08-04T07:26:40","guid":{"rendered":"http:\/\/euro.lat\/site\/?page_id=7"},"modified":"2018-01-25T19:32:49","modified_gmt":"2018-01-26T01:32:49","slug":"primaria","status":"publish","type":"page","link":"https:\/\/euro.lat\/site\/primaria\/","title":{"rendered":"PRIMARIA"},"content":{"rendered":"<div class=\"wpb-content-wrapper\">[vc_row][vc_column][vc_single_image image=\u00bb112&#8243; img_size=\u00bbfull\u00bb alignment=\u00bbcenter\u00bb style=\u00bbvc_box_rounded\u00bb][\/vc_column][\/vc_row][vc_row][vc_column width=\u00bb1\/3&#8243;][vc_icon type=\u00bbopeniconic\u00bb icon_openiconic=\u00bbvc-oi vc-oi-book-open\u00bb color=\u00bbsky\u00bb background_style=\u00bbrounded\u00bb size=\u00bbxs\u00bb align=\u00bbcenter\u00bb][vc_column_text css=\u00bb.vc_custom_1501831848726{margin-top: -20px !important;}\u00bb]\n<p style=\"text-align: center;\"><strong>PRIMER A\u00d1O<\/strong><\/p>\n<p style=\"text-align: justify;\">\u2022\u00a0Espa\u00f1ol.<br \/>\n\u2022\u00a0Matem\u00e1ticas.<br \/>\n\u2022\u00a0Exploraci\u00f3n de la Naturaleza y sociedad.<br \/>\n\u2022\u00a0Formaci\u00f3n C\u00edvica y \u00c9tica.<br \/>\n\u2022\u00a0Educaci\u00f3n F\u00edsica.<br \/>\n\u2022\u00a0Educaci\u00f3n Artistica.<br \/>\n\u2022\u00a0Segunda Lengua Ingles.<br \/>\n\u2022\u00a0Computaci\u00f3n.<\/p>\n[\/vc_column_text][\/vc_column][vc_column width=\u00bb1\/3&#8243;][vc_icon type=\u00bbopeniconic\u00bb icon_openiconic=\u00bbvc-oi vc-oi-book-open\u00bb color=\u00bbsky\u00bb background_style=\u00bbrounded\u00bb size=\u00bbxs\u00bb align=\u00bbcenter\u00bb][vc_column_text css=\u00bb.vc_custom_1501831906729{margin-top: -20px !important;}\u00bb]\n<p style=\"text-align: center;\"><strong>SEGUNDO A\u00d1O<\/strong><\/p>\n<p style=\"text-align: justify;\">\u2022\u00a0Espa\u00f1ol.<br \/>\n\u2022\u00a0Matem\u00e1ticas.<br \/>\n\u2022\u00a0Exploraci\u00f3n de la Naturaleza y sociedad.<br \/>\n\u2022\u00a0Formaci\u00f3n C\u00edvica y \u00c9tica.<br \/>\n\u2022\u00a0Educaci\u00f3n F\u00edsica.<br \/>\n\u2022\u00a0Educaci\u00f3n Artistica.<br \/>\n\u2022\u00a0Segunda Lengua Ingles.<br \/>\n\u2022\u00a0Computaci\u00f3n.<\/p>\n[\/vc_column_text][\/vc_column][vc_column width=\u00bb1\/3&#8243;][vc_icon type=\u00bbopeniconic\u00bb icon_openiconic=\u00bbvc-oi vc-oi-book-open\u00bb color=\u00bbsky\u00bb background_style=\u00bbrounded\u00bb size=\u00bbxs\u00bb align=\u00bbcenter\u00bb][vc_column_text css=\u00bb.vc_custom_1501832009950{margin-top: -20px !important;}\u00bb]\n<p style=\"text-align: center;\"><strong>TERCER A\u00d1O<\/strong><\/p>\n<p style=\"text-align: justify;\">\u2022\u00a0Espa\u00f1ol.<br \/>\n\u2022\u00a0Matem\u00e1ticas.<br \/>\n\u2022\u00a0Ciencias Naturales.<br \/>\n\u2022 La Entidad donde vivo.<br \/>\n\u2022\u00a0Formaci\u00f3n C\u00edvica y \u00c9tica.<br \/>\n\u2022\u00a0Educaci\u00f3n F\u00edsica.<br \/>\n\u2022\u00a0Educaci\u00f3n Artistica.<br \/>\n\u2022\u00a0Segunda Lengua Ingles.<br \/>\n\u2022\u00a0Computaci\u00f3n.<\/p>\n[\/vc_column_text][\/vc_column][\/vc_row][vc_row][vc_column width=\u00bb1\/3&#8243;][vc_icon type=\u00bbopeniconic\u00bb icon_openiconic=\u00bbvc-oi vc-oi-book-open\u00bb color=\u00bbsky\u00bb background_style=\u00bbrounded\u00bb size=\u00bbxs\u00bb align=\u00bbcenter\u00bb][vc_column_text css=\u00bb.vc_custom_1501832217076{margin-top: -20px !important;}\u00bb]\n<p style=\"text-align: center;\"><strong>CUARTO A\u00d1O<\/strong><\/p>\n<p style=\"text-align: justify;\">\u2022\u00a0Espa\u00f1ol.<br \/>\n\u2022\u00a0Matematicas.<br \/>\n\u2022\u00a0Ciencias Naturales.<br \/>\n\u2022 Geograf\u00eda.<br \/>\n\u2022 Historia.<br \/>\n\u2022\u00a0Formaci\u00f3n C\u00edvica y \u00c9tica.<br \/>\n\u2022\u00a0Educaci\u00f3n F\u00edsica.<br \/>\n\u2022\u00a0Educaci\u00f3n Artistica.<br \/>\n\u2022\u00a0Segunda Lengua Ingles.<br \/>\n\u2022\u00a0Computaci\u00f3n.<\/p>\n[\/vc_column_text][\/vc_column][vc_column width=\u00bb1\/3&#8243;][vc_icon type=\u00bbopeniconic\u00bb icon_openiconic=\u00bbvc-oi vc-oi-book-open\u00bb color=\u00bbsky\u00bb background_style=\u00bbrounded\u00bb size=\u00bbxs\u00bb align=\u00bbcenter\u00bb][vc_column_text css=\u00bb.vc_custom_1501832259646{margin-top: -20px !important;}\u00bb]\n<p style=\"text-align: center;\"><strong>QUINTO A\u00d1O<\/strong><\/p>\n<p style=\"text-align: justify;\">\u2022\u00a0Espa\u00f1ol.<br \/>\n\u2022\u00a0Matematicas.<br \/>\n\u2022\u00a0Ciencias Naturales.<br \/>\n\u2022 Geograf\u00eda.<br \/>\n\u2022 Historia.<br \/>\n\u2022\u00a0Formaci\u00f3n C\u00edvica y \u00c9tica.<br \/>\n\u2022\u00a0Educaci\u00f3n F\u00edsica.<br \/>\n\u2022\u00a0Educaci\u00f3n Artistica.<br \/>\n\u2022\u00a0Segunda Lengua Ingles.<br \/>\n\u2022\u00a0Computaci\u00f3n.<\/p>\n[\/vc_column_text][\/vc_column][vc_column width=\u00bb1\/3&#8243;][vc_icon type=\u00bbopeniconic\u00bb icon_openiconic=\u00bbvc-oi vc-oi-book-open\u00bb color=\u00bbsky\u00bb background_style=\u00bbrounded\u00bb size=\u00bbxs\u00bb align=\u00bbcenter\u00bb][vc_column_text css=\u00bb.vc_custom_1501832280825{margin-top: -20px !important;}\u00bb]\n<p style=\"text-align: center;\"><strong>SEXTO A\u00d1O<\/strong><\/p>\n<p style=\"text-align: justify;\">\u2022\u00a0Espa\u00f1ol.<br \/>\n\u2022\u00a0Matematicas.<br \/>\n\u2022\u00a0Ciencias Naturales.<br \/>\n\u2022 Geograf\u00eda.<br \/>\n\u2022 Historia.<br \/>\n\u2022\u00a0Formaci\u00f3n C\u00edvica y \u00c9tica.<br \/>\n\u2022\u00a0Educaci\u00f3n F\u00edsica.<br \/>\n\u2022\u00a0Educaci\u00f3n Artistica.<br \/>\n\u2022\u00a0Segunda Lengua Ingles.<br \/>\n\u2022\u00a0Computaci\u00f3n.<\/p>\n[\/vc_column_text][\/vc_column][\/vc_row][vc_row][vc_column][vc_text_separator title=\u00bbPERFIL DEL ALUMNO AL TERMINAR\u00bb color=\u00bbsky\u00bb style=\u00bbdotted\u00bb border_width=\u00bb2&#8243;][vc_column_text css=\u00bb.vc_custom_1501833260489{margin-top: -15px !important;}\u00bb]\n<p style=\"text-align: center;\">\u25cf INDIVIDUOS \u00daTILES A SI MISMOS Y A LA SOCIEDAD.<br \/>\n\u25cf J\u00d3VENES EMPRENDEDORES CON UNA AMPLIA VISI\u00d3N DEL MUNDO.<br \/>\n\u25cf PREPARADOS PARA CONTINUAR ESTUDIOS A NIVEL SECUNDARIA.<\/p>\n[\/vc_column_text][\/vc_column][\/vc_row][vc_row][vc_column][vc_tta_tabs color=\u00bbblue\u00bb active_section=\u00bb1&#8243;][vc_tta_section i_icon_fontawesome=\u00bbfa fa-child\u00bb title=\u00bbAMBIENTE EURO\u00bb tab_id=\u00bb1501833304303-387af500-3520&#8243; add_icon=\u00bbtrue\u00bb][vc_column_text]\u25cf EDUCACION FISICA<br \/>\n&#8211; ESGRIMA<br \/>\n&#8211; TENIS<br \/>\n&#8211; BASQUETBOL<br \/>\n&#8211; TAE KWON DO<br \/>\n&#8211; FUTBOL RAPIDO<br \/>\n&#8211; GIMNASIO DE PESAS<br \/>\n&#8211; AEROBICS<br \/>\n&#8211; VOLEIBOL<\/p>\n<p>\u25cf DESARROLLO CULTURAL<br \/>\n&#8211; TEATRO<br \/>\n&#8211; PINTURA<br \/>\n&#8211; MUSICA[\/vc_column_text][\/vc_tta_section][vc_tta_section i_icon_fontawesome=\u00bbfa fa-asterisk\u00bb title=\u00bbVENTAJAS EURO\u00bb tab_id=\u00bb1501833304352-773a54db-80ff\u00bb add_icon=\u00bbtrue\u00bb][vc_column_text]\u25cf CALIDAD ACAD\u00c9MICA.<br \/>\n\u25cf IDIOMAS.<br \/>\n\u25cf ALTA CALIDAD DE VIDA SOCIAL Y CULTURAL.<br \/>\n\u25cf BECAS ACADEMICAS.<br \/>\n\u25cf INTERCAMBIO ACAD\u00c9MICO INTERNACIONAL.[\/vc_column_text][\/vc_tta_section][vc_tta_section i_icon_fontawesome=\u00bbfa fa-folder\u00bb title=\u00bbPROCESO DE ADMISI\u00d3N\u00bb tab_id=\u00bb1501833527178-3e222db6-2571&#8243; add_icon=\u00bbtrue\u00bb][vc_column_text]\n<p style=\"text-align: justify;\">1. REALIZAR ENTREVISTA PERSONAL<br \/>\n2. REALIZAR LOS PAGOS CORRESPONDIENTES<br \/>\n3. LLENAR LA SOLICITUD DE ADMISION<br \/>\n4. ENTREGAR LA DOCUMENTACION REQUERIDA (Acta de Nacimiento, CURP, Boleta\/Certificado del a\u00f1o anterior, Carta de Buena Conducta).<\/p>\n[\/vc_column_text][\/vc_tta_section][\/vc_tta_tabs][\/vc_column][\/vc_row]\n<\/div>","protected":false},"excerpt":{"rendered":"<p>[vc_row][vc_column][vc_single_image image=\u00bb112&#8243; img_size=\u00bbfull\u00bb alignment=\u00bbcenter\u00bb style=\u00bbvc_box_rounded\u00bb][\/vc_column][\/vc_row][vc_row][vc_column width=\u00bb1\/3&#8243;][vc_icon type=\u00bbopeniconic\u00bb icon_openiconic=\u00bbvc-oi vc-oi-book-open\u00bb color=\u00bbsky\u00bb background_style=\u00bbrounded\u00bb size=\u00bbxs\u00bb align=\u00bbcenter\u00bb][vc_column_text css=\u00bb.vc_custom_1501831848726{margin-top: -20px !important;}\u00bb] PRIMER A\u00d1O \u2022\u00a0Espa\u00f1ol. \u2022\u00a0Matem\u00e1ticas. \u2022\u00a0Exploraci\u00f3n de la Naturaleza y sociedad. \u2022\u00a0Formaci\u00f3n C\u00edvica y \u00c9tica. \u2022\u00a0Educaci\u00f3n F\u00edsica. \u2022\u00a0Educaci\u00f3n Artistica. \u2022\u00a0Segunda Lengua Ingles. \u2022\u00a0Computaci\u00f3n. [\/vc_column_text][\/vc_column][vc_column width=\u00bb1\/3&#8243;][vc_icon type=\u00bbopeniconic\u00bb icon_openiconic=\u00bbvc-oi vc-oi-book-open\u00bb color=\u00bbsky\u00bb background_style=\u00bbrounded\u00bb size=\u00bbxs\u00bb align=\u00bbcenter\u00bb][vc_column_text css=\u00bb.vc_custom_1501831906729{margin-top: -20px !important;}\u00bb] SEGUNDO A\u00d1O \u2022\u00a0Espa\u00f1ol. \u2022\u00a0Matem\u00e1ticas. \u2022\u00a0Exploraci\u00f3n [&hellip;]<\/p>\n","protected":false},"author":1,"featured_media":0,"parent":0,"menu_order":0,"comment_status":"closed","ping_status":"closed","template":"","meta":{"footnotes":""},"class_list":["post-7","page","type-page","status-publish","hentry"],"_links":{"self":[{"href":"https:\/\/euro.lat\/site\/wp-json\/wp\/v2\/pages\/7","targetHints":{"allow":["GET"]}}],"collection":[{"href":"https:\/\/euro.lat\/site\/wp-json\/wp\/v2\/pages"}],"about":[{"href":"https:\/\/euro.lat\/site\/wp-json\/wp\/v2\/types\/page"}],"author":[{"embeddable":true,"href":"https:\/\/euro.lat\/site\/wp-json\/wp\/v2\/users\/1"}],"replies":[{"embeddable":true,"href":"https:\/\/euro.lat\/site\/wp-json\/wp\/v2\/comments?post=7"}],"version-history":[{"count":19,"href":"https:\/\/euro.lat\/site\/wp-json\/wp\/v2\/pages\/7\/revisions"}],"predecessor-version":[{"id":143,"href":"https:\/\/euro.lat\/site\/wp-json\/wp\/v2\/pages\/7\/revisions\/143"}],"wp:attachment":[{"href":"https:\/\/euro.lat\/site\/wp-json\/wp\/v2\/media?parent=7"}],"curies":[{"name":"wp","href":"https:\/\/api.w.org\/{rel}","templated":true}]}}