{"id":32,"date":"2017-08-04T08:06:47","date_gmt":"2017-08-04T08:06:47","guid":{"rendered":"http:\/\/euro.lat\/site\/?page_id=32"},"modified":"2023-06-03T19:26:37","modified_gmt":"2023-06-04T01:26:37","slug":"pre-escolar","status":"publish","type":"page","link":"https:\/\/euro.lat\/site\/pre-escolar\/","title":{"rendered":"PRE-ESCOLAR"},"content":{"rendered":"<div class=\"wpb-content-wrapper\">[vc_row][vc_column][vc_single_image image=\u00bb106&#8243; img_size=\u00bbfull\u00bb alignment=\u00bbcenter\u00bb style=\u00bbvc_box_rounded\u00bb][\/vc_column][\/vc_row][vc_row][vc_column width=\u00bb1\/3&#8243;][vc_icon type=\u00bbopeniconic\u00bb icon_openiconic=\u00bbvc-oi vc-oi-book-open\u00bb color=\u00bbsky\u00bb background_style=\u00bbrounded\u00bb size=\u00bbxs\u00bb align=\u00bbcenter\u00bb][vc_column_text css=\u00bb.vc_custom_1501834145513{margin-top: -20px !important;}\u00bb]\n<p style=\"text-align: center;\"><strong>PRIMER A\u00d1O<\/strong><\/p>\n<p style=\"text-align: justify;\">\u2022 Lenguaje y comunicaci\u00f3n.<br \/>\n\u2022 Pensamiento matem\u00e1tico.<br \/>\n\u2022 Exploraci\u00f3n y Conocimiento del Mundo.<br \/>\n\u2022 Desarrollo F\u00edsico y Salud.<br \/>\n\u2022 Desarrollo Personal y SOcial.<br \/>\n\u2022 Expesi\u00f3n y Apreciaci\u00f3n Art\u00edstica.<br \/>\n\u2022 Segunda Lengua Ingles.<br \/>\n\u2022 Habilidades Digitales.<\/p>\n[\/vc_column_text][\/vc_column][vc_column width=\u00bb1\/3&#8243;][vc_icon type=\u00bbopeniconic\u00bb icon_openiconic=\u00bbvc-oi vc-oi-book-open\u00bb color=\u00bbsky\u00bb background_style=\u00bbrounded\u00bb size=\u00bbxs\u00bb align=\u00bbcenter\u00bb][vc_column_text css=\u00bb.vc_custom_1501834169438{margin-top: -20px !important;}\u00bb]\n<p style=\"text-align: center;\"><strong>SEGUNDO A\u00d1O<\/strong><\/p>\n<p style=\"text-align: justify;\">\u2022 Lenguaje y comunicaci\u00f3n.<br \/>\n\u2022 Pensamiento matem\u00e1tico.<br \/>\n\u2022 Exploraci\u00f3n y Conocimiento del Mundo.<br \/>\n\u2022 Desarrollo F\u00edsico y Salud.<br \/>\n\u2022 Desarrollo Personal y SOcial.<br \/>\n\u2022 Expesi\u00f3n y Apreciaci\u00f3n Art\u00edstica.<br \/>\n\u2022 Segunda Lengua Ingles.<br \/>\n\u2022 Habilidades Digitales.<\/p>\n[\/vc_column_text][\/vc_column][vc_column width=\u00bb1\/3&#8243;][vc_icon type=\u00bbopeniconic\u00bb icon_openiconic=\u00bbvc-oi vc-oi-book-open\u00bb color=\u00bbsky\u00bb background_style=\u00bbrounded\u00bb size=\u00bbxs\u00bb align=\u00bbcenter\u00bb][vc_column_text css=\u00bb.vc_custom_1501834179583{margin-top: -20px !important;}\u00bb]\n<p style=\"text-align: center;\"><strong>TERCER A\u00d1O<\/strong><\/p>\n<p style=\"text-align: justify;\">\u2022 Lenguaje y comunicaci\u00f3n.<br \/>\n\u2022 Pensamiento matem\u00e1tico.<br \/>\n\u2022 Exploraci\u00f3n y Conocimiento del Mundo.<br \/>\n\u2022 Desarrollo F\u00edsico y Salud.<br \/>\n\u2022 Desarrollo Personal y SOcial.<br \/>\n\u2022 Expesi\u00f3n y Apreciaci\u00f3n Art\u00edstica.<br \/>\n\u2022 Segunda Lengua Ingles.<br \/>\n\u2022 Habilidades Digitales.<\/p>\n[\/vc_column_text][\/vc_column][\/vc_row][vc_row][vc_column][vc_text_separator title=\u00bbPERFIL DEL ALUMNO AL TERMINAR\u00bb color=\u00bbsky\u00bb style=\u00bbdotted\u00bb border_width=\u00bb2&#8243;][vc_column_text css=\u00bb.vc_custom_1501834349091{margin-top: -15px !important;}\u00bb]\n<p style=\"text-align: center;\">\u25cf NI\u00d1OS CREATIVOS CON INICIATIVA.<br \/>\n\u25cf NI\u00d1OS CON VOCABULARIO DESARROLLADO CAPACES DE EXPRESARSE EN FORMA ORAL Y COMPRENDER INSTRUCCIONES ORALES Y ESCRITAS.<br \/>\n\u25cf NI\u00d1OS PREPARADOS PARA INICIAR SU EDUCACI\u00d3N PRIMARIA.<\/p>\n[\/vc_column_text][\/vc_column][\/vc_row][vc_row][vc_column][vc_tta_tabs color=\u00bbblue\u00bb active_section=\u00bb1&#8243;][vc_tta_section i_icon_fontawesome=\u00bbfa fa-child\u00bb title=\u00bbATENCI\u00d3N PARA LOS ALUMNOS Y AMBIENTE EURO\u00bb tab_id=\u00bb1501833304303-387af500-35208ce5-72f6&#8243; add_icon=\u00bbtrue\u00bb][vc_column_text]\u25cf PROFESOR TITULAR<br \/>\n\u25cf ASISTENTE<br \/>\n\u25cf PROFESOR DE INGLES<br \/>\n\u25cf PROFESOR DE COMPUTACION E INFORMATICA<br \/>\n\u25cf PROFESOR DE EDUCACI\u00d3N FISICA[\/vc_column_text][\/vc_tta_section][vc_tta_section i_icon_fontawesome=\u00bbfa fa-asterisk\u00bb title=\u00bbVENTAJAS EURO\u00bb tab_id=\u00bb1501833304352-773a54db-80ff8ce5-72f6&#8243; add_icon=\u00bbtrue\u00bb][vc_column_text]\u25cf CALIDAD ACADEMICA<br \/>\n\u25cf IDIOMAS<br \/>\n\u25cf ALTA CALIDAD DE VIDA SOCIAL Y CULTURAL<br \/>\n\u25cf INFRAESTRUCTURA DE CALIDAD[\/vc_column_text][\/vc_tta_section][vc_tta_section i_icon_fontawesome=\u00bbfa fa-folder\u00bb title=\u00bbPROCESO DE ADMISI\u00d3N\u00bb tab_id=\u00bb1501833527178-3e222db6-25718ce5-72f6&#8243; add_icon=\u00bbtrue\u00bb][vc_column_text]1. REALIZAR ENTREVISTA PERSONAL<br \/>\n2. REALIZAR LOS PAGOS CORRESPONDIENTES<br \/>\n3. LLENAR LA SOLICITUD DE ADMISION<br \/>\n4. ENTREGAR LA DOCUMENTACION REQUERIDA (Acta de Nacimiento, CURP, Boleta\/Certificado del a\u00f1o anterior, Carta de Buena Conducta).[\/vc_column_text][\/vc_tta_section][\/vc_tta_tabs][\/vc_column][\/vc_row]\n<\/div>","protected":false},"excerpt":{"rendered":"<p>[vc_row][vc_column][vc_single_image image=\u00bb106&#8243; img_size=\u00bbfull\u00bb alignment=\u00bbcenter\u00bb style=\u00bbvc_box_rounded\u00bb][\/vc_column][\/vc_row][vc_row][vc_column width=\u00bb1\/3&#8243;][vc_icon type=\u00bbopeniconic\u00bb icon_openiconic=\u00bbvc-oi vc-oi-book-open\u00bb color=\u00bbsky\u00bb background_style=\u00bbrounded\u00bb size=\u00bbxs\u00bb align=\u00bbcenter\u00bb][vc_column_text css=\u00bb.vc_custom_1501834145513{margin-top: -20px !important;}\u00bb] PRIMER A\u00d1O \u2022 Lenguaje y comunicaci\u00f3n. \u2022 Pensamiento matem\u00e1tico. \u2022 Exploraci\u00f3n y Conocimiento del Mundo. \u2022 Desarrollo F\u00edsico y Salud. \u2022 Desarrollo Personal y SOcial. \u2022 Expesi\u00f3n y Apreciaci\u00f3n Art\u00edstica. \u2022 Segunda Lengua Ingles. \u2022 Habilidades Digitales. [\/vc_column_text][\/vc_column][vc_column width=\u00bb1\/3&#8243;][vc_icon [&hellip;]<\/p>\n","protected":false},"author":1,"featured_media":0,"parent":0,"menu_order":0,"comment_status":"closed","ping_status":"closed","template":"","meta":{"footnotes":""},"class_list":["post-32","page","type-page","status-publish","hentry"],"_links":{"self":[{"href":"https:\/\/euro.lat\/site\/wp-json\/wp\/v2\/pages\/32","targetHints":{"allow":["GET"]}}],"collection":[{"href":"https:\/\/euro.lat\/site\/wp-json\/wp\/v2\/pages"}],"about":[{"href":"https:\/\/euro.lat\/site\/wp-json\/wp\/v2\/types\/page"}],"author":[{"embeddable":true,"href":"https:\/\/euro.lat\/site\/wp-json\/wp\/v2\/users\/1"}],"replies":[{"embeddable":true,"href":"https:\/\/euro.lat\/site\/wp-json\/wp\/v2\/comments?post=32"}],"version-history":[{"count":5,"href":"https:\/\/euro.lat\/site\/wp-json\/wp\/v2\/pages\/32\/revisions"}],"predecessor-version":[{"id":142,"href":"https:\/\/euro.lat\/site\/wp-json\/wp\/v2\/pages\/32\/revisions\/142"}],"wp:attachment":[{"href":"https:\/\/euro.lat\/site\/wp-json\/wp\/v2\/media?parent=32"}],"curies":[{"name":"wp","href":"https:\/\/api.w.org\/{rel}","templated":true}]}}